se -105 = -2*f - d*f. What is the remainder when 125 is divided by f?
20
Suppose 0 = -114*w + 194589 + 5823. Calculate the remainder when w is divided by 19.
10
Let c be 2 + (-1155)/(-9) - 4/(-6). Let d = c + -122. Suppose 0 = 23*p - 27*p + 136. What is the remainder when p is divided by d?
7
Let p(v) = 3*v**2 - 325*v - 2281. What is the remainder when 423 is divided by p(-7)?
0
Calculate the remainder when 4/((-192)/9) - (-22029075)/3600 is divided by 120.
119
Let j be (-408)/32*(-312)/9. Let t = -431 + j. Calculate the remainder when 383 is divided by t.
9
What is the remainder when (-2590)/(-13 + 3) + -19 is divided by 110?
20
What is the remainder when 60*(-18)/(-96)*12 is divided by 23?
20
Suppose -3*f + 224 = g + g, 4*f - 3*g = 293. Suppose 232*a - 243*a = -341. Calculate the remainder when f is divided by a.
12
What is the remainder when 1822 is divided by -80 + 152 + -1 + 2?
70
Let b(z) = -4*z**2. Let u be b(1). Let o be (-35*u/(-8))/((-2)/8). Let s = -35 + o. Calculate the remainder when s is divided by 13.
9
Let u = -208 - -640. Suppose 3*s = -s + u. Calculate the remainder when s is divided by 23.
16
Let z(s) = 7*s**2 + 113*s + 694. Let d = -13 + 21. What is the remainder when z(-8) is divided by d?
6
Let t(y) = 2*y**2 + 11*y - 18. Let n = -50 + 43. Let k be t(n). What is the remainder when ((-12)/30)/(k/(-615)) is divided by 29?
24
Let w = 68 - 38. Let c be (6/(-3))/(((-24)/27)/4). Let u = w - c. Calculate the remainder when 83 is divided by u.
20
Let j(a) = a**3 - a**2 - 4*a + 4. Let y be j(0). Suppose -y*p - 309 + 1193 = 0. What is the remainder when p is divided by 32?
29
Suppose 3*n = 13 + 62. Suppose -n = -8*f + 295. Suppose 6*a + f = 748. What is the remainder when a is divided by 40?
38
Suppose -5*d + 4*d + 126 = 0. Suppose -6*y - 48 = -3*b, -4*y + 8 = -8. Suppose 3*i - d = b. What is the remainder when i is divided by 27?
23
Let a be 12/(-21) + 1032/42. Let s = -33 + a. Calculate the remainder when 162 is divided by 22*((-54)/4)/s.
30
Let n = 1842 + -1830. What is the remainder when 550 is divided by n?
10
Suppose -4*r + 32 = -5*b, 8*b + 23 = r + 3*b. Suppose r*n - u = 164, u - 225 = -4*n - 4*u. What is the remainder when 328 is divided by n?
53
Let k be (8 + -8)/(-1 - -2). Suppose k = -2*r + 320 - 4. Calculate the remainder when r is divided by 53.
52
Let m(a) = -8*a**2 - 2*a + 1. Let j be m(1). Let w = -4 - j. Suppose -5*x = 3*t - 9 - 29, 0 = w*x - 5*t - 70. What is the remainder when 15 is divided by x?
5
Calculate the remainder when 32 + (-10)/((-30)/9) is divided by 6.
5
Let c = 61 + -67. What is the remainder when -3 + 4 - -95 - c is divided by 28?
18
Let b be -119 + 1 - (-10)/(-2). Let z = b + 105. Calculate the remainder when (29 + 1)*((-60)/z - 3) is divided by 6.
4
Suppose -k = -3*b + 2, 5*k - 7*k - 3*b = -23. Suppose 0 = -k*g + 552 + 148. What is the remainder when g is divided by 22?
12
Suppose 3*k + 242 = u - 6*u, -3*u - 3*k - 144 = 0. Let a = 69 - 9. Let c = a + u. Calculate the remainder when 28 is divided by c.
6
Suppose 3*f - 67 = -5*l, -5*l - 53 = -f - f. Calculate the remainder when 450 is divided by f.
18
Let z be 8/(-2) + 41 + -35. Suppose j - 2*y - 17 = 0, -4*j + 7*y + 68 = z*y. Calculate the remainder when 61 is divided by j.
10
Suppose 2*g - 144 = 3*s - 31, 3*s = 4*g - 211. Let r be ((-3)/(-9) - 1)/((-1)/(-6)). Calculate the remainder when g is divided by 3*r/(-42) + 3115/245.
10
Let d = -340 - -106. Let a = -198 - d. What is the remainder when 59 is divided by a?
23
Let c(f) = -727*f + 4327. What is the remainder when c(5) is divided by 174?
170
Suppose 6*m - 2*m + 5*s = 834, 4*s = 5*m - 1022. Let p = 385 - m. What is the remainder when p is divided by 20?
19
Let x(q) = -q**3 - 2*q**2 + 51*q - 6. What is the remainder when 3550 is divided by x(5)?
72
Suppose 230 = -18*k - 310. Calculate the remainder when 22/(k/(-200)*24/9) is divided by 4.
3
Suppose 2*k + 120 = f + f, 2*f = 4*k + 114. Let q = -696 + 1072. What is the remainder when q is divided by f?
61
Let c = 170 - 262. Suppose -o + 3*r = -118, -4*o + 278 = -r - 205. Let d = o + c. Calculate the remainder when d is divided by 11.
7
Suppose -10 = 5*g, 9*t + 3*g - 497 = -179. Suppose -3*h + 6*h - 39 = 0. What is the remainder when t is divided by h?
10
Let u = 1707 + -1659. Suppose 5*c - 34 = 4*j - 124, 69 = 3*j - 3*c. Calculate the remainder when u is divided by j.
23
What is the remainder when 3252 is divided by ((198/(-45))/(-11))/(-2) + 201/5?
12
Let r(t) = 7*t**2 + 3*t - 3. Let y(m) = -m**2 + 26*m + 23. What is the remainder when y(16) is divided by r(2)?
28
Let s(i) = i + 2. Let d be s(0). Suppose -94 = -4*t + d*y, 2 = t - 4*y - 4. Calculate the remainder when t is divided by 12/(1*-1)*(-155)/310.
2
Suppose -8*a + 338 - 50 = -z, 0 = -2*z. Calculate the remainder when 81 is divided by a.
9
What is the remainder when 21622 is divided by 6 - (7/(-7) + 13) - (-1242)/3?
406
Let s = -654 - -661. Let j(z) = -3*z**2 + 37*z - 23. Let g = -2 + 25. Calculate the remainder when j(s) is divided by g.
20
Suppose 5*d = 7 + 28. Suppose -d*v - 7 = -238. Calculate the remainder when v is divided by -2 - (2 - 3 - 11).
3
Suppose -3*m = 2*o - 15, -3*m - 2*m = 4*o - 33. Calculate the remainder when (-19)/((-969)/4760) - (3 - 55/15) is divided by o.
10
Suppose 3 = -5*p - 2, 2*o + 4*p = 90. Let h = 22 + 69. What is the remainder when h is divided by o?
44
Let g(q) = -q**2 + 6*q + 1. Let w be g(6). Let j be (5 - w)/((-14)/(-420)). Calculate the remainder when j/45*(24 + 0) is divided by 13.
12
Let k(j) = j**2 - 22*j + 39. Let a be k(20). What is the remainder when 257 + (-3 + 0 - a) - -5 is divided by 19?
13
Suppose 0 = 4*x + 20 - 12, 0 = 5*i - x - 772. Let k be (-14)/18 - (-6)/(-27). Let m(n) = -38*n**3 - n. What is the remainder when i is divided by m(k)?
37
Suppose 1204 = 5*h - 2*h + 1093. What is the remainder when 961 is divided by h?
36
Suppose 552 = 16*h - 4*h. Calculate the remainder when 1582 is divided by h.
18
Let x be 8/(-12) - 33/(-9). Suppose -x*f + 2*h + 29 = 0, -5*h = -2*h - 15. Calculate the remainder when -2 + 39/18 + (-2583)/(-54) is divided by f.
9
Suppose -12*h = -668 + 1712. Let t = -19 - h. What is the remainder when 474 is divided by t?
66
Let o(c) = 2*c - 10. Let m be o(6). Let k(n) = 5*n - 6. Let d(h) = -h**2 - 8*h + 5. What is the remainder when d(-7) is divided by k(m)?
0
Let s = 7 - 5. Suppose -d + 239 - 233 = 0. Calculate the remainder when (-11)/(-5)*(11 - d) is divided by s.
1
Suppose 0 = m + 3*m - 20. Suppose -m*w - 25 = -230. What is the remainder when 79 is divided by w?
38
Let l(r) = 51*r + 1818. Calculate the remainder when l(2) is divided by 193.
183
Let k = -9 + 12. Let o = 13 - -46. Suppose h - o = -k*b + b, -2*b - 3*h = -65. Calculate the remainder when b is divided by 15.
13
Let d(j) = 4*j - 13. Let t(n) = -22*n + 68. Let v(a) = -16*d(a) - 3*t(a). What is the remainder when 99 is divided by v(8)?
19
Let q(g) = -g**3 - 128*g**2 - 12*g - 1493. Calculate the remainder when 1398 is divided by q(-128).
22
Calculate the remainder when 1012 is divided by 1/(3 - 400/136).
9
Let b be (-5)/((-50)/15) + 2385/(-6). What is the remainder when (b/3)/(-2) + (-8)/(-2) is divided by 20?
10
Suppose 71 = -6*m - 7. Let t(s) = -4*s - 22. What is the remainder when 55 is divided by t(m)?
25
Calculate the remainder when (-10)/(-15)*(9 + 237) is divided by 43.
35
Let l = 528163 + -528146. What is the remainder when 75 - -1 - (-1 - -1) is divided by l?
8
Let b be 1968/176 - (-4)/(-22). Suppose 120 = -b*r + 16*r. What is the remainder when r is divided by 8?
0
Let l(s) = -75*s + 2. Let i(u) = -6*u**2 + 442*u + 1076. What is the remainder when l(-2) is divided by i(76)?
8
Let f be (-39)/4*(400/(-6))/(-5). Let m be f/2*(-2 - -1). Let t = -59 + m. Calculate the remainder when t is divided by 2.
0
Suppose -l + 6*l - 416 = 2*j, -4*j = 4*l - 344. Suppose 5*k + 508 = o, 129*k - 2016 = -4*o + 133*k. What is the remainder when o is divided by l?
83
Let u = 12265 + -12057. What is the remainder when 652 is divided by u?
28
Let y be ((-54)/(-15))/(4/470) - -6. Let f = y + -412. Calculate the remainder when 608 is divided by f.
13
Let h be 12/(-1 - (-3 - 0)). Let u = h + -3. Suppose -4*k + z + 36 = 27, 2*k - 3*z - 17 = 0. What is the remainder when u is divi